z = 17467 + -10140. What are the prime factors of z?
17, 431
Let z = 162 - 168. What are the prime factors of (-4)/z*(-114786)/(-84)?
911
Let m = -30 - -33. Suppose b = -m - 11. List the prime factors of (b/35)/(3/(-615)).
2, 41
Let q(p) = p + 3 + 0 + 10 + 4. Let d be q(-13). Suppose 5*u = 3*s - 95, -2*u - d = 3*s - 134. What are the prime factors of s?
2, 5
Let x be (-8 - -5)*(4/12 + -1). Suppose 0 = -x*v + 4*q + 688, -459 - 1288 = -5*v + q. What are the prime factors of v?
2, 5, 7
Suppose -2*o + 17444 = 5*r, -o + 3*r = -4549 - 4173. What are the prime factors of o?
2, 7, 89
Let o = 73026 + -43684. List the prime factors of o.
2, 17, 863
Let i(r) = r**3 - 3*r**2 - 3*r + 92. Let g(f) = f**2 - f - 2. Let m(p) = 3*g(p) + i(p). List the prime factors of m(0).
2, 43
Let g = -57 - -55. List the prime factors of ((-1)/g)/1 - (-2775)/10.
2, 139
Let r(t) = -4*t**3 - 17*t**2 - 7*t + 2. Let i be r(-5). Suppose 3*c - v = 88, -i = -4*c + 2*v - 6*v. What are the prime factors of c?
29
Let b = 76 - 72. Suppose -2*i = -b*c - 330, 5*i + 2*c - 798 = 3*c. What are the prime factors of i?
3, 53
Let g be (-52)/(-16) - -2 - (-15)/20. List the prime factors of (-2763)/g*(4 + -10 + 4).
3, 307
Let s(l) = l**2 + 10*l - 4. Let g be s(24). Suppose -3*r - 290 = -g. Suppose 675 = 5*d - 4*p, -708 + r = -4*d + 2*p. What are the prime factors of d?
131
Suppose 23*i = 22*i + 2. Suppose i*x - 4*y - 284 = 0, x - 4*x + 5*y = -427. What are the prime factors of x?
2, 3
Let k = 10 + -10. Let a = 734 + -732. Suppose 4*h + k*y - 4*y = 648, 501 = 3*h + a*y. List the prime factors of h.
3, 5, 11
Let l = 2994 - 2902. What are the prime factors of l?
2, 23
Let n(b) = 65*b + 961. Let t be n(-19). Let u(v) = v**2 - v. Let s be u(1). List the prime factors of (4 + s)*t/(-8) + 1.
2, 3, 23
Suppose -31*t - 150*t + 45612 = 0. Suppose 0 = -3*a + 3*k + 2*k + 383, -2*a + 246 = -k. Let w = t - a. List the prime factors of w.
131
Suppose 5*h - 59388 = 4*x, 5*x - 2*x = -2*h + 23723. List the prime factors of h.
2, 7, 53
Let f(a) = -2*a**2 + 10*a - 6. Let l be f(7). Let z be ((-276)/(-9))/(2/15*1). Let k = z + l. List the prime factors of k.
2, 7
Let z = 106 + -103. Suppose -m = -5*x - 50, -z*x = -3*m + 80 + 70. Suppose -m = -f + 14. List the prime factors of f.
2
Let a be -6*(-16)/96*(0 + -90). Let k = 0 - 0. What are the prime factors of k + 1 - (a - 5)?
2, 3
Let v = -3886 + 8703. What are the prime factors of v?
4817
Let q be 363/51 + (-7)/(714/12). Suppose 0 = q*j - 1347 - 466. List the prime factors of j.
7, 37
Suppose 4*f + 2*f = 0. Suppose f = -0*o - 5*o. Suppose 6*t - 64 - 20 = o. What are the prime factors of t?
2, 7
List the prime factors of ((1178160/(-6))/20)/(2/(-3)).
3, 4909
Let u(a) = 207*a**3 - 10*a**2 + 3*a - 13. List the prime factors of u(5).
7, 523
Let c(i) = 65*i**3 - 13*i**2 + 4*i + 42. What are the prime factors of c(6)?
2, 3, 2273
Let l = -682 + 538. What are the prime factors of (-24)/l + (-17818)/(-12)?
3, 5, 11
Let r be (-352)/(-60) + 4/30. Let d be r + -6 - (1 + -763). List the prime factors of ((-1)/(-1))/(2/d*3).
127
Let n be (-32)/40 - (-636)/20. Suppose 6792 = n*i - 772. List the prime factors of i.
2, 61
Let y(m) = -7319*m - 14953. List the prime factors of y(-8).
3, 14533
Let x be ((-10)/6)/5*0. Suppose x*n + 2*n + 10 = 0. Let y(o) = -17*o - 25. List the prime factors of y(n).
2, 3, 5
Suppose 15*x - 5587 = 65755 + 77758. List the prime factors of x.
2, 5, 7, 71
Let w(r) = 4536*r**3 - 9*r + 8. What are the prime factors of w(1)?
5, 907
Suppose -2*z - 2*s = -4, -5*s - 2 - 2 = -2*z. Let h be (-3 + 1 + 11)*(1 - z). What are the prime factors of 6/h*3 - -135?
7, 19
Suppose -2*w + 3*i + 47479 = 0, -20*w - i - 94933 = -24*w. List the prime factors of w.
2, 17, 349
Suppose -41 = 10*k - 11. Let h be (-247)/k - (5/15)/1. Let p = h + -71. What are the prime factors of p?
11
Suppose -2*t = -r - 50427, -20*t - 3*r = -19*t - 25224. List the prime factors of t.
3, 5, 41
Suppose 5*u + 194276 = 4*l, 2*u = 4*l + 4*u - 194332. What are the prime factors of l?
3, 16193
Let g(l) = l**3 + 9*l**2 + 10*l - 3. Let k = 22 + -9. Suppose k = -2*f + 3. List the prime factors of g(f).
47
Let r = -293 - -435. Let x(m) = m**2 + 12*m + 25. Let u be x(-13). Let n = u + r. What are the prime factors of n?
2, 3, 5
Suppose 2*j - 104562 = 4*a, 87*a - 209099 = -4*j + 90*a. What are the prime factors of j?
167, 313
Let j = -3189 - 893. Let t = 6042 + j. List the prime factors of t.
2, 5, 7
Let k(a) be the first derivative of -a**4/4 - a**3/3 + 13*a**2/2 - 10*a + 35. List the prime factors of k(-8).
2, 167
List the prime factors of -11*((-11711952)/297)/7.
2, 3, 1291
Suppose 4*s + 2*i = 14, 0 = 4*i - i + 15. Suppose 4*b - s = 126. Let a = b + 5. What are the prime factors of a?
2, 19
Let g = 24 - 20. List the prime factors of 80/3*-12*g/(-20).
2
Suppose 5289 = -13*y + 336. Let k = y - -871. List the prime factors of k.
2, 5, 7
Let u(n) = 2*n - 15. Let m be u(0). Let j = -5 - m. What are the prime factors of 2*(-3 + 185/j)?
31
Let a(c) = 19*c**3 - 17*c**3 - 31*c**2 - 24*c + 26 + 13. What are the prime factors of a(17)?
2, 3, 83
Let g be (-10)/(-4) - 63100/(-40). Suppose -g = 18*i - 23*i. What are the prime factors of i?
2, 79
Suppose 0 = -172*w + 713801 + 2816327. What are the prime factors of w?
2, 7, 733
Let p be ((-74)/5)/(32/640). List the prime factors of (-78)/(-117) - p/6.
2, 5
Let h be (-1 - -298)*440/66. Suppose -4*r + u + 9400 = 1515, 2*u + h = r. List the prime factors of r.
2, 5, 197
Suppose k - 5 = 0, -4*q - 4*k = -25 - 27. Let r(n) = n**2 - 10*n + 20. Let z be r(q). Let o = 52 + z. List the prime factors of o.
2, 7
Let a be 3 + 75/(-20) - (-219)/4. Suppose -2*q - 2 = a. Let v = q + 66. List the prime factors of v.
2, 19
Let t(y) = -y**3 - 19*y**2 - 17*y + 18. Let v be t(-18). Suppose 10*s + 0*s = v. Suppose 6*x = x + b + 577, x - b - 117 = s. List the prime factors of x.
5, 23
Let c be ((-6)/1)/(16/(-32)). Suppose -3*a - 2*n = -826, -8*a + 5*n - 1113 = -c*a. List the prime factors of a.
2, 17
Suppose -5*y = -m - m + 194, -4*m = -4*y - 412. Suppose 11*o = 12*o - 41. Let l = m - o. What are the prime factors of l?
2, 3, 11
Suppose 25 = 5*n, 0 = -5*z + 2*n + 3 + 22. Suppose -z*f = -1603 - 2016. List the prime factors of f.
11, 47
Let w = 138 + -135. Suppose -2*h + p + 1406 = 0, 7*p - w*p = 0. List the prime factors of h.
19, 37
Let d(f) = -2*f**2 + 3*f + 15*f + 32 + 4*f + 23. What are the prime factors of d(12)?
31
Let h = 51 + -9. Let x = h - 40. Suppose -478 - x = -2*j + 3*c, 5*j - 1177 = -4*c. What are the prime factors of j?
3, 79
Let n = -391 + 393. Suppose 3*v + 264 = -g + 1016, g - 772 = n*v. List the prime factors of g.
2, 191
Suppose -35352 = -4*r + k, -2*r = -6*k + 11*k - 17698. List the prime factors of r.
8839
Let g = 14512 + -13118. List the prime factors of g.
2, 17, 41
Suppose 22047 = 5*z - 7*w, -14*w = 3*z - 17*w - 13221. What are the prime factors of z?
3, 163
Let q(n) = -9*n - 47. Let b be q(-17). Let l = 521 + b. What are the prime factors of l?
3, 11, 19
Let v(p) be the first derivative of -37*p**4/4 + 5*p**3 + 16*p**2 - 3*p + 166. List the prime factors of v(-3).
3, 5, 23
Suppose 1642 = 15*v + 172. Suppose 0 = 97*z - v*z + 529. List the prime factors of z.
23
Let b = 53513 - 28880. What are the prime factors of b?
3, 7, 17, 23
Let z = 29 - 24. Suppose 3398 = -z*g - 3952. List the prime factors of 1*(-2)/(-4) - g/20.
2, 37
Let k(t) = -2*t**2 - 26*t + 35. Let r be k(10). Let m = -87 - r. List the prime factors of m.
2, 13
Let p(n) = 256*n**2 + 109*n + 1247. What are the prime factors of p(-13)?
2, 29, 743
Let c(z) = z**2 - 14*z + 18. Let n(w) = -w**3 - 6*w**2 + 3*w - 4. Let r be n(-7). Let s = -7 + r. What are the prime factors of c(s)?
3, 23
Let x(i) = 2*i + 28. Suppose 0 = 7*y - 12*y + 80. Let t = y + 6. List the prime factors of x(t).
2, 3
Suppose -312*s - 105912 = -324*s. Suppose 18*j + s = 24*j. What are the prime factors of j?
1471
Let b = 118 - 115. Suppose -b*m - 27 = -27. Suppose m = 23*w - 20*w - 438. List the prime factors of w.
2, 73
Suppose 0 = h + 5*f - 20255, -3*f = 2*h - 25286 - 15182. What are the prime factors of h?
5, 809
Suppose 2*n - 40732 = -2*x - 3*x, 4*x + 5*n = 32589. What are the prime factors of x?
2, 4073
Let b(x) = -2*x - 29. Let q be b(-17). Su